6
Calculate the remainder when 307993 is divided by 1278.
1273
Calculate the remainder when 9857723 is divided by 6738.
29
What is the remainder when 292101 is divided by 456?
261
What is the remainder when 481028 is divided by 504?
212
Calculate the remainder when 2726855 is divided by 27.
17
Calculate the remainder when 522753 is divided by 130551.
549
Calculate the remainder when 3170 is divided by 70.
20
What is the remainder when 264988 is divided by 531?
19
What is the remainder when 12993 is divided by 4302?
87
Calculate the remainder when 5947 is divided by 5930.
17
What is the remainder when 116210 is divided by 3228?
2
Calculate the remainder when 111757 is divided by 3381.
184
What is the remainder when 6812 is divided by 4866?
1946
Calculate the remainder when 21898032 is divided by 71.
70
Calculate the remainder when 136809 is divided by 45321.
846
What is the remainder when 38034442 is divided by 218?
200
Calculate the remainder when 8988173 is divided by 998685.
8
Calculate the remainder when 53611 is divided by 243.
151
What is the remainder when 3721 is divided by 216?
49
Calculate the remainder when 2921296 is divided by 28.
0
Calculate the remainder when 12144 is divided by 6383.
5761
Calculate the remainder when 121965 is divided by 4708.
4265
What is the remainder when 935282 is divided by 4475?
7
Calculate the remainder when 117887491 is divided by 249.
184
Calculate the remainder when 214325 is divided by 3219.
1871
Calculate the remainder when 9926228 is divided by 496311.
8
What is the remainder when 2733594 is divided by 210271?
71
What is the remainder when 161735 is divided by 1358?
133
What is the remainder when 59762102 is divided by 404?
402
What is the remainder when 239689 is divided by 3858?
493
What is the remainder when 46365132 is divided by 374?
352
What is the remainder when 168165155 is divided by 167?
163
Calculate the remainder when 1155671 is divided by 95.
91
Calculate the remainder when 770664 is divided by 355.
314
What is the remainder when 435679 is divided by 75?
4
Calculate the remainder when 1754159 is divided by 129.
17
What is the remainder when 373928611 is divided by 214?
205
Calculate the remainder when 124786266 is divided by 79.
78
Calculate the remainder when 58281 is divided by 14488.
329
Calculate the remainder when 16986076 is divided by 91.
16
Calculate the remainder when 460083 is divided by 355.
3
Calculate the remainder when 45410303 is divided by 256.
255
What is the remainder when 1122886 is divided by 1115?
81
What is the remainder when 338854 is divided by 338840?
14
What is the remainder when 957721 is divided by 18332?
4457
Calculate the remainder when 705966 is divided by 20140.
1066
Calculate the remainder when 873468283 is divided by 1588.
1587
What is the remainder when 1009449 is divided by 720?
9
What is the remainder when 170691 is divided by 83991?
2709
Calculate the remainder when 573969 is divided by 52178.
11
Calculate the remainder when 48688328 is divided by 116.
112
What is the remainder when 132011309 is divided by 28?
17
What is the remainder when 344719469 is divided by 2137?
2136
Calculate the remainder when 670410 is divided by 9716.
6
What is the remainder when 14636785 is divided by 35?
30
Calculate the remainder when 74005184 is divided by 201.
200
Calculate the remainder when 2412033 is divided by 803975.
108
What is the remainder when 401218 is divided by 548?
82
What is the remainder when 3968067 is divided by 1675?
1667
What is the remainder when 55705893 is divided by 5570589?
3
Calculate the remainder when 1454 is divided by 483.
5
What is the remainder when 3715397 is divided by 619217?
95
Calculate the remainder when 843673 is divided by 8436.
73
What is the remainder when 1610186 is divided by 1610118?
68
What is the remainder when 1003077 is divided by 5900?
77
What is the remainder when 11617104 is divided by 9316?
52
Calculate the remainder when 112896187 is divided by 8684321.
14
Calculate the remainder when 3486637 is divided by 213.
40
What is the remainder when 2146789 is divided by 854?
687
Calculate the remainder when 2743171 is divided by 342896.
3
Calculate the remainder when 4066036 is divided by 25.
11
Calculate the remainder when 1963488 is divided by 654486.
30
What is the remainder when 1095265 is divided by 7077?
5407
What is the remainder when 54788 is divided by 18260?
8
Calculate the remainder when 1421151 is divided by 40603.
46
Calculate the remainder when 64259 is divided by 63335.
924
Calculate the remainder when 370282 is divided by 618.
100
What is the remainder when 1690709 is divided by 422675?
9
Calculate the remainder when 77318 is divided by 177.
146
Calculate the remainder when 336827 is divided by 67.
18
Calculate the remainder when 201404 is divided by 14314.
1008
Calculate the remainder when 1604242 is divided by 91.
3
Calculate the remainder when 1761983 is divided by 25.
8
Calculate the remainder when 20555 is divided by 6035.
2450
Calculate the remainder when 31871371 is divided by 1628.
15
What is the remainder when 1531936026 is divided by 28?
26
What is the remainder when 299286 is divided by 37373?
302
Calculate the remainder when 381387 is divided by 3852.
39
Calculate the remainder when 12978466 is divided by 4428.
4426
Calculate the remainder when 1972743 is divided by 394514.
173
Calculate the remainder when 244303 is divided by 11630.
73
What is the remainder when 147727 is divided by 463?
30
Calculate the remainder when 127060 is divided by 348.
40
What is the remainder when 89816 is divided by 22?
12
Calculate the remainder when 2820574 is divided by 12.
10
What is the remainder when 571812 is divided by 189683?
2763
Calculate the remainder when 3944960 is divided by 597.
581
Calculate the remainder when 332543 is divided by 37.
24
What is the remainder when 2782993 is divided by 344?
33
What is the remainder when 18254547 is divided by 73?
21
Calculate the remainder when 749429 is divided by 950.
829
Calculate the remainder when 64593 is divided by 182.
165
What is the remainder when 182904 is divided by 4700?
4304
What is the remainder when 32174915 is divided by 907?
904
Calculate the remainder when 200019 is divided by 39727.
1384
Calculate the remainder when 14661501 is divided by 356.
353
What is the remainder when 510230 is divided by 7176?
734
What is the remainder when 307294 is divided by 303785?
3509
What is the remainder when 21305 is divided by 3993?
1340
What is the remainder when 1528306 is divided by 264?
10
Calculate the remainder when 127288 is divided by 202.
28
What is the remainder when 10269580 is divided by 7?
6
What is the remainder when 257782 is divided by 234?
148
Calculate the remainder when 249424 is divided by 27704.
88
Calculate the remainder when 820358 is divided by 14391.
71
What is the remainder when 2522787 is divided by 450?
87
Calculate the remainder when 1164792262 is divided by 1406.
1404
Calculate the remainder when 3027834 is divided by 461.
447
What is the remainder when 2473946 is divided by 109?
82
What is the remainder when 46424264 is divided by 59?
55
Calculate the remainder when 9934 is divided by 1044.
538
What is the remainder when 20589776 is divided by 134?
6
Calculate the remainder when 302387 is divided by 53.
22
What is the remainder when 638701 is divided by 75?
1
What is the remainder when 4802344 is divided by 1600737?
133
Calculate the remainder when 194738 is divided by 352.
82
Calculate the remainder when 252721 is divided by 104.
1
What is the remainder when 2631712 is divided by 142?
26
Calculate the remainder when 524064 is divided by 367.
355
Calculate the remainder when 14580007 is divided by 4320.
7
Calculate the remainder when 2761054 is divided by 1.
0
What is the remainder when 19313 is divided by 19310?
3
Calculate the remainder when 1664324 is divided by 831826.
672
What is the remainder when 156608 is divided by 156514?
94
Calculate the remainder when 14660821 is divided by 2439.
2431
Calculate the remainder when 78803 is divided by 1681.
1477
Calculate the remainder when 50997281 is divided by 238305.
11
What is the remainder when 35163782 is divided by 678?
668
Calculate the remainder when 9342527 is divided by 730